tiple of 20?
True
Does 23 divide 437?
True
Is 1380 a multiple of 15?
True
Is 8 a factor of 217?
False
Is 76 a factor of 1672?
True
Is 260 a multiple of 20?
True
Is 4385 a multiple of 36?
False
Is 5488 a multiple of 135?
False
Is 3 a factor of 27588?
True
Does 12 divide 1980?
True
Does 129 divide 17028?
True
Is 487 a multiple of 15?
False
Is 24 a factor of 2008?
False
Is 72 a factor of 432?
True
Is 42914 a multiple of 315?
False
Does 2 divide 1463?
False
Does 14 divide 8610?
True
Is 6 a factor of 584?
False
Is 7065 a multiple of 15?
True
Does 13 divide 467?
False
Does 6 divide 41169?
False
Is 188 a multiple of 23?
False
Does 132 divide 40128?
True
Is 9 a factor of 46406?
False
Is 100 a multiple of 10?
True
Does 43 divide 60?
False
Does 10 divide 717?
False
Is 22009 a multiple of 44?
False
Does 6 divide 2404?
False
Does 5 divide 50?
True
Is 6 a factor of 132?
True
Does 12 divide 1019?
False
Is 291 a multiple of 18?
False
Is 33 a factor of 1594?
False
Is 27 a factor of 1390?
False
Is 273 a multiple of 13?
True
Is 13 a factor of 1170?
True
Is 23 a factor of 6406?
False
Is 5424 a multiple of 113?
True
Does 12 divide 13078?
False
Is 20316 a multiple of 12?
True
Is 171 a factor of 25811?
False
Is 9 a factor of 1746?
True
Is 50 a factor of 908?
False
Is 893 a multiple of 39?
False
Is 74 a factor of 37237?
False
Is 490 a multiple of 10?
True
Does 393 divide 37339?
False
Is 232 a multiple of 10?
False
Is 8978 a multiple of 134?
True
Does 80 divide 2880?
True
Is 9497 a multiple of 19?
False
Is 13020 a multiple of 91?
False
Is 1877 a multiple of 62?
False
Is 9082 a multiple of 8?
False
Does 10 divide 453?
False
Does 69 divide 207?
True
Does 5 divide 130?
True
Does 11 divide 3014?
True
Is 155 a factor of 4829?
False
Does 30 divide 1282?
False
Does 38 divide 3856?
False
Is 14 a multiple of 3?
False
Is 7 a factor of 1896?
False
Is 1080 a multiple of 10?
True
Does 87 divide 4002?
True
Is 79443 a multiple of 273?
True
Is 13 a factor of 21385?
True
Does 26 divide 101563?
False
Does 51 divide 8967?
False
Is 283 a multiple of 13?
False
Is 28 a factor of 12264?
True
Does 34 divide 5562?
False
Is 9639 a multiple of 119?
True
Does 8 divide 3332?
False
Is 35 a factor of 2905?
True
Is 18 a factor of 774?
True
Is 1667 a multiple of 4?
False
Is 5682 a multiple of 70?
False
Does 2 divide 5905?
False
Is 11 a factor of 57785?
False
Is 2994 a multiple of 12?
False
Is 30766 a multiple of 4?
False
Is 214 a multiple of 22?
False
Is 38 a factor of 790?
False
Is 31 a factor of 1488?
True
Is 162 a multiple of 27?
True
Is 86160 a multiple of 18?
False
Does 6 divide 22570?
False
Does 10 divide 15270?
True
Is 26 a factor of 1474?
False
Does 24 divide 1224?
True
Is 57932 a multiple of 14?
True
Is 25 a factor of 17423?
False
Is 8602 a multiple of 4?
False
Does 23 divide 1058?
True
Is 35678 a multiple of 22?
False
Is 11634 even?
True
Does 127 divide 508?
True
Is 44 a multiple of 22?
True
Does 3 divide 183?
True
Does 88 divide 11991?
False
Does 12 divide 552?
True
Is 924 a multiple of 44?
True
Is 7786 a multiple of 34?
True
Is 355 a multiple of 6?
False
Is 23 a factor of 31349?
True
Is 156 a multiple of 11?
False
Is 10 a factor of 730?
True
Is 103 a factor of 4027?
False
Is 4576 even?
True
Does 72 divide 156528?
True
Is 103 a factor of 3553?
False
Does 146 divide 7007?
False
Does 3 divide 7201?
False
Is 4 a factor of 7520?
True
Does 14 divide 3646?
False
Does 6 divide 16866?
True
Does 4 divide 4413?
False
Is 163 a multiple of 3?
False
Is 630 a multiple of 45?
True
Is 270 a multiple of 45?
True
Is 13 a factor of 53138?
False
Is 37779 a multiple of 49?
True
Is 52163 a multiple of 284?
False
Is 585 a multiple of 35?
False
Is 256 a factor of 18176?
True
Is 58604 a multiple of 156?
False
Is 39 a factor of 19266?
True
Is 1083 a multiple of 39?
False
Does 44 divide 7623?
False
Is 276 a factor of 1693?
False
Is 358 a multiple of 33?
False
Does 20 divide 540?
True
Is 10709 a multiple of 18?
False
Does 200 divide 15200?
True
Does 70 divide 719?
False
Does 62 divide 19282?
True
Is 25 a factor of 248?
False
Does 4 divide 25?
False
Is 769 a multiple of 33?
False
Is 261 a factor of 44370?
True
Does 6 divide 54690?
True
Does 9 divide 45?
True
Does 10 divide 80?
True
Does 17 divide 510?
True
Does 28 divide 8655?
False
Does 30 divide 5778?
False
Is 28 a factor of 4678?
False
Is 23262 a multiple of 10?
False
Is 106 a factor of 4134?
True
Does 5 divide 1270?
True
Does 3 divide 402?
True
Is 129 a factor of 15701?
False
Is 7 a factor of 596?
False
Does 11 divide 90046?
True
Is 68 a factor of 5446?
False
Is 1196 a multiple of 46?
True
Is 28434 a multiple of 21?
True
Is 7 a factor of 69?
False
Does 59 divide 3264?
False
Is 9 a factor of 6379?
False
Is 44 a factor of 867?
False
Is 72 a factor of 10169?
False
Is 609 a multiple of 21?
True
Does 3 divide 205?
False
Does 57 divide 285?
True
Is 31 a factor of 7657?
True
Does 13 divide 6025?
False
Does 12 divide 747?
False
Does 6 divide 7686?
True
Is 190 a multiple of 3?
False
Is 31 a factor of 22744?
False
Is 48 a factor of 490?
False
Is 585 a multiple of 5?
True
Is 2 a factor of 287?
False
Is 5698 a multiple of 22?
True
Does 31 divide 9362?
True
Is 986 a multiple of 29?
True
Does 41 divide 6453?
False
Is 122 a multiple of 61?
True
Is 759 a multiple of 11?
True
Does 15 divide 2100?
True
Is 17 a factor of 2142?
True
Is 1240 a multiple of 31?
True
Is 19 a factor of 28665?
False
Is 536 a multiple of 6?
False
Is 10 a factor of 300?
True
Is 7 a factor of 466?
False
Does 43 divide 649?
False
Does 9 divide 476?
False
Is 3381 a multiple of 23?
True
Does 12 divide 13136?
False
Does 12 divide 9816?
True
Does 16 divide 9882?
False
Is 86 a factor of 2037?
False
Is 5338 a multiple of 50?
False
Does 89 divide 2047?
True
Is 8 a factor of 60392?
True
Does 6 divide 4734?
True
Is 3 a factor of 749?
False
Is 28 a factor of 785?
False
Is 1207 a multiple of 71?
True
Does 34 divide 918?
True
Is 10 a factor of 13014?
False
Is 695 a multiple of 24?
False
Is 74 a factor of 440?
False
Does 67 divide 2339?
False
Is 5151 a multiple of 101?
True
Is 804 a multiple of 16?
False
Is 956 a multiple of 38?
False
Is 159 a factor of 9699?
True
Does 4 divide 887?
False
Does 6 divide 6932?
False
Does 10 divide 2970?
True
Is 13 a factor of 61477?
True
Is 6 a factor of 19350?
True
Does 35 divide 385?
True
Does 46 divide 968?
False
Is 132 a factor of 82236?
True
Is 2 a factor of 2504?
True
Is 35 a factor of 245?
True
Is 81 a factor of 6642?
True
Is 130 a multiple of 26?
True
Is 270 a multiple of 18?
True
Is 4075 a multiple of 15?
False
Is 6 a factor of 36?
True
Does 20 divide 864?
False
Does 86 divide 53836?
True
Is 2840 a multiple of 40?
True
Is 1664 a multiple of 26?
True
Is 4 a factor of 20?
True
Is 193 a multiple of 6?
False
Is 24 a factor of 9192?
True
Is 44 a factor of 484?
True
Does 27 divide 111243?
False
Does 5 divide 115?
True
Is 2 a factor of 40?
True
Does 8 divide 28280?
True
Does 29 divide 98252?
True
Is 137 a factor of 33428?
True
Is 816 a multiple of 51?
True
Does 2 divide 772?
True
Does 49 divide 931?
True
Is 56 a factor of 6733?
False
Does 21 divide 1281?
True
Is 34 a multiple of 5?
False
Is 6430 a multiple of 5?
True
Is 22734 a multiple of 63?
False
Does 13 divide 7982?
True
Does 18 divide 3402?
True
Is 9176 a multiple of 248?
True
Does 19 divide 6309?
False
Is 21607 a multiple of 20?
False
Is 114 a factor of 5844?
False
Is 32 a factor of 24557?
False
Is 135 a factor of 18765?
True
Is 355 a multiple of 6?
False
Is 5 a factor of 7?
False
Does 14 divide 56?
True
Is 400 a multiple of 8?
True
Is 12 a factor of 300?
True
Is 2836 a multiple of 4?
True
Does 8 divide 420?
False
Is 5685 a multiple of 3?
True
Does 19 divide 1558?
True
Does 37 divide 36544?
False
Does 24 divide 48216?
True
Does 16 divide 1280?
True
Does 28 divide 27216?
True
Is 1008 a multiple of 14?
True
Does 7 divide 2268?
True
Is 7 a factor of 2033?
False
Is 619 a multiple of 24?
False
Is 884 a multiple of 30?
False
Is 20250 a multiple of 54?
True
Does 24 divide 10584?
True
Is 83120 a multiple of 10?
True
Is 20 a factor of 380?
True
Is 61515 a multiple of 123?
False
Is 60 a multiple of 12?
True
Is 77 a multiple of 3?
False
Does 22 divide 44?
True
Is 43 a factor of 937?
False
Is 313 a factor of 81693?
True
Is 31 a factor of 1